{"id":62,"date":"2013-11-21T08:08:35","date_gmt":"2013-11-21T08:08:35","guid":{"rendered":"http:\/\/wedesignthemes.com\/themes\/dummy-soulmedic\/?page_id=62"},"modified":"2025-08-12T23:34:50","modified_gmt":"2025-08-12T22:34:50","slug":"proslava-decijih-rodendana","status":"publish","type":"page","link":"https:\/\/dzunglica.com\/wordpress\/proslava-decijih-rodendana\/","title":{"rendered":"Proslava de\u010dijih ro\u0111endana"},"content":{"rendered":"<div  class='column dt-sc-two-third   first' ><h2>Mi organizujemo najlep\u0161e de\u010dije ro\u0111endane!<\/h2>\n<ul>\n<li>Organizujte nezaboravnu ro\u0111endansku proslavu za svo\u0458e dete i drugare,<\/li>\n<li>Proslavite kr\u0161tenje,<\/li>\n<li>Polazak u \u0161kolu,<\/li>\n<li>Ili napravite opro\u0161ta\u0458nu priredbu za kra\u0458 obdani\u0161ta ili prelazak u vi\u0161e razrede!<\/li>\n<\/ul>\n<p>Pored iznajmnjivanja samog prostora, za Va\u0161u proslavu mo\u017eemo organizovati pozori\u0161nu predstavu, maskenbal, \u017eurku, ili napraviti neku drugu vrstu animacije po \u017eelji!<\/p>\n<p>&nbsp;<\/p>\n\n\t\t<style type='text\/css'>\n\t\t\t#gallery-1 {\n\t\t\tmargin: auto;\n\t\t\t}\n\t\t\t#gallery-1 .fg-gallery-item {\n\t\t\tfloat: left;\n\t\t\tmargin-top: 10px;\n\t\t\ttext-align: center;\n\t\t\twidth: 25%;\n\t\t\t}\n\t\t\t#gallery-1 .fg-gallery-caption {\n\t\t\tmargin-left: 0;\n\t\t\t}\n\t\t\t#gallery-1.fastgallery .fg-gallery-caption, \n\t\t\t#gallery-1.fastgallery .fg-gallery-caption:hover {\n\t\t\t\tbackground-color:rgba( 0 , 0 , 0 , 0.7);\n\t\t\t}\n\t\t\t#gallery-1.fastgallery.gallery .gallery-icon .fg_zoom a, \n\t\t\t#gallery-1.fastgallery.gallery .gallery-icon .fg_zoom a:hover {\n\t\t\t\tcolor:#000;\n\t\t\t}\n\t\t\t#gallery-1.fastgallery.fg_style1 .fg-gallery-caption {\n\t\t\t\tcolor:#000;\t\n\t\t\t}\n\t\t\t#gallery-1.fastgallery.gallery.fg_style2 .gallery-icon .fg_zoom a {\n\t\t\t\tbackground:rgba( 0 , 0 , 0 , 0.3);\n\t\t\t}\n\t\t\t#gallery-1.fastgallery.fg_style2 .fg-gallery-caption {\n\t\t\t\tcolor:#000;\t\n\t\t\t}\t\t\t\n\t\t\t#gallery-1.fastgallery.gallery.fg_style3 .fg_zoom, #gallery-1.fastgallery.gallery.fg_style3 .fg_zoom:hover {\n\t\t\t\tbackground:rgba( 0 , 0 , 0 , 0.7);\n\t\t\t}\n\t\t\t#gallery-1.fastgallery.fg_style3 .fg-gallery-caption {\n\t\t\t\tcolor:#000;\t\n\t\t\t}\t\t\t\t\n\t\t\t#gallery-1.fastgallery.fg_style4 .fg-gallery-caption,\t\t\t\n\t\t\t#gallery-1.fastgallery.gallery.fg_style4 .gallery-icon .fg_zoom a, \n\t\t\t#gallery-1.fastgallery.gallery.fg_style4 .gallery-icon .fg_zoom a:hover {\n\t\t\t\tcolor:#000;\n\t\t\t}\n\t\t\t#gallery-1.fastgallery.gallery.fg_style4 .gallery-icon .fg_zoom a, \n\t\t\t#gallery-1.fastgallery.gallery.fg_style4 .gallery-icon .fg_zoom a:hover\t{\n\t\t\t\tbackground:rgba( 0 , 0 , 0 , 0.7);\n\t\t\t}\t\t\t\n\t\t\t#gallery-1.fastgallery.gallery.fg_style5 .gallery-icon .fg_zoom a, \n\t\t\t#gallery-1.fastgallery.gallery.fg_style5 .gallery-icon .fg_zoom a:hover\t{\n\t\t\t\tcolor:#000;\n\t\t\t\tbackground-color:rgba( 0 , 0 , 0 , 0.7);\n\t\t\t}\t\t\t\t\t\n\t\t\t#gallery-1.fastgallery.gallery.fg_style6 .gallery-icon .fg_zoom a,\n\t\t\t#gallery-1.fastgallery.gallery.fg_style6 .gallery-icon .fg_zoom a:hover {\n\t\t\t\tcolor:#000;\n\t\t\t\tbackground:rgba( 0 , 0 , 0 , 0.7);\t\t\t\t\n\t\t\t}\n\t\t\n\t\t\t#gallery-1.fastgallery.fg_style6 .fg-gallery-caption {\n\t\t\t\tcolor:#000;\t\n\t\t\t}\n\t\t\t#gallery-1.fastgallery.gallery.fg_style7 .gallery-icon .fg_zoom a,\n\t\t\t#gallery-1.fastgallery.gallery.fg_style7 .gallery-icon .fg_zoom a:hover {\n\t\t\t\tcolor:#000;\n\t\t\t\tbackground:rgba( 0 , 0 , 0 , 0.7);\t\t\t\t\n\t\t\t}\t\t\n\t\t\t#gallery-1.fastgallery.fg_style7 .fg-gallery-caption {\n\t\t\t\tcolor:#000;\t\n\t\t\t}\n\t\t\t\n\t\t\t#gallery-1.fastgallery.gallery.fg_style8 .gallery-icon .fg_zoom a,\n\t\t\t#gallery-1.fastgallery.gallery.fg_style8 .gallery-icon .fg_zoom a:hover {\n\t\t\t\tcolor:#000;\n\t\t\t\tbackground:rgba( 0 , 0 , 0 , 0.7);\t\t\t\t\n\t\t\t}\n\t\t\n\t\t\t#gallery-1.fastgallery.fg_style8 .fg-gallery-caption {\n\t\t\t\tcolor:#000;\t\n\t\t\t}\n\t\t\t\n\t\t\t#gallery-1.fastgallery.gallery.fg_style9 .gallery-icon .fg_zoom a,\n\t\t\t#gallery-1.fastgallery.gallery.fg_style9 .gallery-icon .fg_zoom a:hover {\n\t\t\t\tcolor:#000;\n\t\t\t\tbackground:rgba( 0 , 0 , 0 , 0.7);\t\t\t\t\n\t\t\t}\t\t\n\t\t\t#gallery-1.fastgallery.fg_style9 .fg-gallery-caption {\n\t\t\t\tcolor:#000;\t\n\t\t\t}\n\t\t\t\n\t\t\t#gallery-1.fastgallery.gallery.fg_style10 .gallery-icon .fg_zoom a,\n\t\t\t#gallery-1.fastgallery.gallery.fg_style10 .gallery-icon .fg_zoom a:hover {\n\t\t\t\tcolor:#000;\n\t\t\t\tbackground:rgba( 0 , 0 , 0 , 0.7);\t\t\t\t\n\t\t\t}\t\t\n\t\t\t#gallery-1.fastgallery.fg_style10 .fg-gallery-caption {\n\t\t\t\tcolor:#000;\t\n\t\t\t}\n\t\t\t\/* FOTORAMA *\/\n\t\t\t#gallery-1.fastgallery.fotorama.fg_style1 .fotorama__thumb-border {\n\t\t\t\tborder-color:rgba( 0 , 0 , 0 , 0.7);\n\t\t\t}\n\t\t\t#gallery-1.fastgallery.fotorama.fg_style1 .fotorama__html > div {\n\t\t\t\tbackground:rgba( 0 , 0 , 0 , 0.7);\n\t\t\t\tcolor:#000;\n\t\t\t}\n\t\t\t#gallery-1.fastgallery.fotorama.fg_style2 .fotorama__thumb-border {\n\t\t\t\tborder-color:rgba( 0 , 0 , 0 , 0.7);\n\t\t\t}\n\t\t\t#gallery-1.fastgallery.fotorama.fg_style2 .fotorama__html > div {\n\t\t\t\tbackground:rgba( 0 , 0 , 0 , 0.7);\n\t\t\t\tcolor:#000;\n\t\t\t}\n\t\t\t#gallery-1.fastgallery.fotorama.fg_style3 .fotorama__thumb-border {\n\t\t\t\tborder-color:rgba( 0 , 0 , 0 , 0.7);\n\t\t\t}\t\t\t\t\t\t\n\t\t\t#gallery-1.fastgallery.fotorama.fg_style3 .fotorama__html > div {\n\t\t\t\tcolor:#000;\n\t\t\t}\n\t\t\t#gallery-1.fastgallery.fotorama.fg_style4 .fotorama__thumb-border {\n\t\t\t\tborder-color:rgba( 0 , 0 , 0 , 0.7);\n\t\t\t}\t\t\t\t\t\t\n\t\t\t#gallery-1.fastgallery.fotorama.fg_style4 .fotorama__html > div {\n\t\t\t\tcolor:#000;\n\t\t\t}\n\t\t\t#gallery-1.fastgallery.fotorama.fg_style5 .fotorama__thumb-border {\n\t\t\t\tborder-color:rgba( 0 , 0 , 0 , 0.7);\n\t\t\t\tbackground:rgba( 0 , 0 , 0 , 0.7);\n\t\t\t}\t\t\t\t\t\t\n\t\t\t#gallery-1.fastgallery.fotorama.fg_style5 .fotorama__html > div {\n\t\t\t\tcolor:#000;\n\t\t\t}\n\t\t\t#gallery-1.fastgallery.fotorama.fg_style6 .fotorama__thumb-border {\n\t\t\t\tborder-color:rgba( 0 , 0 , 0 , 0.7);\n\t\t\t\tbackground:rgba( 0 , 0 , 0 , 0.7);\n\t\t\t}\t\t\t\t\t\t\n\t\t\t#gallery-1.fastgallery.fotorama.fg_style6 .fotorama__html > div {\n\t\t\t\tcolor:#000;\n\t\t\t}\n\t\t\t#gallery-1.fastgallery.fotorama.fg_style7 .fotorama__thumb-border {\n\t\t\t\tborder-color:rgba( 0 , 0 , 0 , 0.7);\n\t\t\t\tbackground:rgba( 0 , 0 , 0 , 0.7);\n\t\t\t}\t\t\t\t\t\t\n\t\t\t#gallery-1.fastgallery.fotorama.fg_style7 .fotorama__html > div {\n\t\t\t\tcolor:#000;\n\t\t\t\tbackground:rgba( 0 , 0 , 0 , 0.7);\n\t\t\t}\n\t\t\t#gallery-1.fastgallery.fotorama.fg_style8 .fotorama__thumb-border {\n\t\t\t\tborder-color:rgba( 0 , 0 , 0 , 0.7);\n\t\t\t\tbackground:rgba( 0 , 0 , 0 , 0.7);\n\t\t\t}\t\t\t\t\t\t\n\t\t\t#gallery-1.fastgallery.fotorama.fg_style8 .fotorama__html > div {\n\t\t\t\tcolor:#000;\n\t\t\t\tbackground:rgba( 0 , 0 , 0 , 0.7);\n\t\t\t}\n\t\t\t#gallery-1.fastgallery.fotorama.fg_style9 .fotorama__thumb-border {\n\t\t\t\tborder-color:rgba( 0 , 0 , 0 , 0.7);\n\t\t\t\tbackground:rgba( 0 , 0 , 0 , 0.7);\n\t\t\t}\t\t\t\t\t\t\n\t\t\t#gallery-1.fastgallery.fotorama.fg_style9 .fotorama__html > div {\n\t\t\t\tcolor:#000;\n\t\t\t\tbackground:rgba( 0 , 0 , 0 , 0.7);\n\t\t\t}\n\t\t\t#gallery-1.fastgallery.fotorama.fg_style10 .fotorama__thumb-border {\n\t\t\t\tborder-color:rgba( 0 , 0 , 0 , 0.7);\n\t\t\t\tbackground:rgba( 0 , 0 , 0 , 0.7);\n\t\t\t}\t\t\t\t\t\t\n\t\t\t#gallery-1.fastgallery.fotorama.fg_style10 .fotorama__html > div {\n\t\t\t\tcolor:#000;\n\t\t\t\tbackground:rgba( 0 , 0 , 0 , 0.7);\n\t\t\t}\n\t\t\t\/* THUMBS ONE ON *\/\n\t\t\t#gallery-1.fastgallery.fg_thumbs_one .fg-gallery-item {\n\t\t\t\tdisplay:none;\n\t\t\t}\n\t\t\t#gallery-1.fastgallery.fg_thumbs_one .fg-gallery-item:first-child {\n\t\t\t\tdisplay:block;\n\t\t\t}\n\t\t\t#gallery-1.fastgallery.fg_thumbs_one {\n\t\t\t\twidth:auto!important;\n\t\t\t}\n\t\t\/* see gallery_shortcode() in wp-includes\/media.php *\/\n\t\t<\/style>\n\t\t<script type=\"text\/javascript\">\t\t\n\t\tjQuery(function($){\n\t\t\tjQuery(document).ready(function($){\n\t\t\t\t\t$(\"#gallery-1 a[data-rel^='prettyPhoto']\").prettyPhoto();\n\t\t\t}); \n\t\t});\n\t\t<\/script>\n\t\t<div id='gallery-1' class='gallery galleryid-62 gallery-columns-4 gallery-size-fg-normal fastgallery brick-masonry fg_responsive fg_style4 fg_thumbs_one_off'><div class='fg-gallery-item'>\n\t\t<div class='gallery-icon landscape no-caption'>\n\t\t<div class='fg_zoom'><img loading=\"lazy\" decoding=\"async\" width=\"800\" height=\"600\" src=\"https:\/\/dzunglica.com\/wordpress\/wp-content\/uploads\/2021\/01\/IMG_20210121_100912-scaled.jpg\" class=\"attachment-fg-normal size-fg-normal\" alt=\"\" srcset=\"https:\/\/dzunglica.com\/wordpress\/wp-content\/uploads\/2021\/01\/IMG_20210121_100912-scaled.jpg 2560w, https:\/\/dzunglica.com\/wordpress\/wp-content\/uploads\/2021\/01\/IMG_20210121_100912-300x225.jpg 300w, https:\/\/dzunglica.com\/wordpress\/wp-content\/uploads\/2021\/01\/IMG_20210121_100912-1024x768.jpg 1024w, https:\/\/dzunglica.com\/wordpress\/wp-content\/uploads\/2021\/01\/IMG_20210121_100912-768x576.jpg 768w, https:\/\/dzunglica.com\/wordpress\/wp-content\/uploads\/2021\/01\/IMG_20210121_100912-1536x1152.jpg 1536w, https:\/\/dzunglica.com\/wordpress\/wp-content\/uploads\/2021\/01\/IMG_20210121_100912-2048x1536.jpg 2048w\" sizes=\"auto, (max-width: 800px) 100vw, 800px\" \/><a href='https:\/\/dzunglica.com\/wordpress\/wp-content\/uploads\/2021\/01\/IMG_20210121_100912-1024x768.jpg' title=\"\" data-rel='prettyPhoto[album]' class='fg_magnificPopup'><span class='fg-zoom-icon icon-plus'><\/span><span style='display:none'><img loading=\"lazy\" decoding=\"async\" width=\"800\" height=\"600\" src=\"https:\/\/dzunglica.com\/wordpress\/wp-content\/uploads\/2021\/01\/IMG_20210121_100912-scaled.jpg\" class=\"attachment-fg-normal size-fg-normal\" alt=\"\" srcset=\"https:\/\/dzunglica.com\/wordpress\/wp-content\/uploads\/2021\/01\/IMG_20210121_100912-scaled.jpg 2560w, https:\/\/dzunglica.com\/wordpress\/wp-content\/uploads\/2021\/01\/IMG_20210121_100912-300x225.jpg 300w, https:\/\/dzunglica.com\/wordpress\/wp-content\/uploads\/2021\/01\/IMG_20210121_100912-1024x768.jpg 1024w, https:\/\/dzunglica.com\/wordpress\/wp-content\/uploads\/2021\/01\/IMG_20210121_100912-768x576.jpg 768w, https:\/\/dzunglica.com\/wordpress\/wp-content\/uploads\/2021\/01\/IMG_20210121_100912-1536x1152.jpg 1536w, https:\/\/dzunglica.com\/wordpress\/wp-content\/uploads\/2021\/01\/IMG_20210121_100912-2048x1536.jpg 2048w\" sizes=\"auto, (max-width: 800px) 100vw, 800px\" \/><\/span><\/a><\/div>\n\t\n\t\t<\/div><\/div><div class='fg-gallery-item'>\n\t\t<div class='gallery-icon landscape no-caption'>\n\t\t<div class='fg_zoom'><img loading=\"lazy\" decoding=\"async\" width=\"800\" height=\"600\" src=\"https:\/\/dzunglica.com\/wordpress\/wp-content\/uploads\/2021\/01\/IMG_20210121_100700-scaled.jpg\" class=\"attachment-fg-normal size-fg-normal\" alt=\"\" srcset=\"https:\/\/dzunglica.com\/wordpress\/wp-content\/uploads\/2021\/01\/IMG_20210121_100700-scaled.jpg 2560w, https:\/\/dzunglica.com\/wordpress\/wp-content\/uploads\/2021\/01\/IMG_20210121_100700-300x225.jpg 300w, https:\/\/dzunglica.com\/wordpress\/wp-content\/uploads\/2021\/01\/IMG_20210121_100700-1024x768.jpg 1024w, https:\/\/dzunglica.com\/wordpress\/wp-content\/uploads\/2021\/01\/IMG_20210121_100700-768x576.jpg 768w, https:\/\/dzunglica.com\/wordpress\/wp-content\/uploads\/2021\/01\/IMG_20210121_100700-1536x1152.jpg 1536w, https:\/\/dzunglica.com\/wordpress\/wp-content\/uploads\/2021\/01\/IMG_20210121_100700-2048x1536.jpg 2048w\" sizes=\"auto, (max-width: 800px) 100vw, 800px\" \/><a href='https:\/\/dzunglica.com\/wordpress\/wp-content\/uploads\/2021\/01\/IMG_20210121_100700-1024x768.jpg' title=\"\" data-rel='prettyPhoto[album]' class='fg_magnificPopup'><span class='fg-zoom-icon icon-plus'><\/span><span style='display:none'><img loading=\"lazy\" decoding=\"async\" width=\"800\" height=\"600\" src=\"https:\/\/dzunglica.com\/wordpress\/wp-content\/uploads\/2021\/01\/IMG_20210121_100700-scaled.jpg\" class=\"attachment-fg-normal size-fg-normal\" alt=\"\" srcset=\"https:\/\/dzunglica.com\/wordpress\/wp-content\/uploads\/2021\/01\/IMG_20210121_100700-scaled.jpg 2560w, https:\/\/dzunglica.com\/wordpress\/wp-content\/uploads\/2021\/01\/IMG_20210121_100700-300x225.jpg 300w, https:\/\/dzunglica.com\/wordpress\/wp-content\/uploads\/2021\/01\/IMG_20210121_100700-1024x768.jpg 1024w, https:\/\/dzunglica.com\/wordpress\/wp-content\/uploads\/2021\/01\/IMG_20210121_100700-768x576.jpg 768w, https:\/\/dzunglica.com\/wordpress\/wp-content\/uploads\/2021\/01\/IMG_20210121_100700-1536x1152.jpg 1536w, https:\/\/dzunglica.com\/wordpress\/wp-content\/uploads\/2021\/01\/IMG_20210121_100700-2048x1536.jpg 2048w\" sizes=\"auto, (max-width: 800px) 100vw, 800px\" \/><\/span><\/a><\/div>\n\t\n\t\t<\/div><\/div><div class='fg-gallery-item'>\n\t\t<div class='gallery-icon landscape no-caption'>\n\t\t<div class='fg_zoom'><img loading=\"lazy\" decoding=\"async\" width=\"800\" height=\"600\" src=\"https:\/\/dzunglica.com\/wordpress\/wp-content\/uploads\/2021\/01\/IMG_20210121_100641-scaled.jpg\" class=\"attachment-fg-normal size-fg-normal\" alt=\"\" srcset=\"https:\/\/dzunglica.com\/wordpress\/wp-content\/uploads\/2021\/01\/IMG_20210121_100641-scaled.jpg 2560w, https:\/\/dzunglica.com\/wordpress\/wp-content\/uploads\/2021\/01\/IMG_20210121_100641-300x225.jpg 300w, https:\/\/dzunglica.com\/wordpress\/wp-content\/uploads\/2021\/01\/IMG_20210121_100641-1024x768.jpg 1024w, https:\/\/dzunglica.com\/wordpress\/wp-content\/uploads\/2021\/01\/IMG_20210121_100641-768x576.jpg 768w, https:\/\/dzunglica.com\/wordpress\/wp-content\/uploads\/2021\/01\/IMG_20210121_100641-1536x1152.jpg 1536w, https:\/\/dzunglica.com\/wordpress\/wp-content\/uploads\/2021\/01\/IMG_20210121_100641-2048x1536.jpg 2048w\" sizes=\"auto, (max-width: 800px) 100vw, 800px\" \/><a href='https:\/\/dzunglica.com\/wordpress\/wp-content\/uploads\/2021\/01\/IMG_20210121_100641-1024x768.jpg' title=\"\" data-rel='prettyPhoto[album]' class='fg_magnificPopup'><span class='fg-zoom-icon icon-plus'><\/span><span style='display:none'><img loading=\"lazy\" decoding=\"async\" width=\"800\" height=\"600\" src=\"https:\/\/dzunglica.com\/wordpress\/wp-content\/uploads\/2021\/01\/IMG_20210121_100641-scaled.jpg\" class=\"attachment-fg-normal size-fg-normal\" alt=\"\" srcset=\"https:\/\/dzunglica.com\/wordpress\/wp-content\/uploads\/2021\/01\/IMG_20210121_100641-scaled.jpg 2560w, https:\/\/dzunglica.com\/wordpress\/wp-content\/uploads\/2021\/01\/IMG_20210121_100641-300x225.jpg 300w, https:\/\/dzunglica.com\/wordpress\/wp-content\/uploads\/2021\/01\/IMG_20210121_100641-1024x768.jpg 1024w, https:\/\/dzunglica.com\/wordpress\/wp-content\/uploads\/2021\/01\/IMG_20210121_100641-768x576.jpg 768w, https:\/\/dzunglica.com\/wordpress\/wp-content\/uploads\/2021\/01\/IMG_20210121_100641-1536x1152.jpg 1536w, https:\/\/dzunglica.com\/wordpress\/wp-content\/uploads\/2021\/01\/IMG_20210121_100641-2048x1536.jpg 2048w\" sizes=\"auto, (max-width: 800px) 100vw, 800px\" \/><\/span><\/a><\/div>\n\t\n\t\t<\/div><\/div><div class='fg-gallery-item'>\n\t\t<div class='gallery-icon landscape no-caption'>\n\t\t<div class='fg_zoom'><img loading=\"lazy\" decoding=\"async\" width=\"800\" height=\"600\" src=\"https:\/\/dzunglica.com\/wordpress\/wp-content\/uploads\/2021\/01\/IMG_20210121_100501-scaled.jpg\" class=\"attachment-fg-normal size-fg-normal\" alt=\"\" srcset=\"https:\/\/dzunglica.com\/wordpress\/wp-content\/uploads\/2021\/01\/IMG_20210121_100501-scaled.jpg 2560w, https:\/\/dzunglica.com\/wordpress\/wp-content\/uploads\/2021\/01\/IMG_20210121_100501-300x225.jpg 300w, https:\/\/dzunglica.com\/wordpress\/wp-content\/uploads\/2021\/01\/IMG_20210121_100501-1024x768.jpg 1024w, https:\/\/dzunglica.com\/wordpress\/wp-content\/uploads\/2021\/01\/IMG_20210121_100501-768x576.jpg 768w, https:\/\/dzunglica.com\/wordpress\/wp-content\/uploads\/2021\/01\/IMG_20210121_100501-1536x1152.jpg 1536w, https:\/\/dzunglica.com\/wordpress\/wp-content\/uploads\/2021\/01\/IMG_20210121_100501-2048x1536.jpg 2048w\" sizes=\"auto, (max-width: 800px) 100vw, 800px\" \/><a href='https:\/\/dzunglica.com\/wordpress\/wp-content\/uploads\/2021\/01\/IMG_20210121_100501-1024x768.jpg' title=\"\" data-rel='prettyPhoto[album]' class='fg_magnificPopup'><span class='fg-zoom-icon icon-plus'><\/span><span style='display:none'><img loading=\"lazy\" decoding=\"async\" width=\"800\" height=\"600\" src=\"https:\/\/dzunglica.com\/wordpress\/wp-content\/uploads\/2021\/01\/IMG_20210121_100501-scaled.jpg\" class=\"attachment-fg-normal size-fg-normal\" alt=\"\" srcset=\"https:\/\/dzunglica.com\/wordpress\/wp-content\/uploads\/2021\/01\/IMG_20210121_100501-scaled.jpg 2560w, https:\/\/dzunglica.com\/wordpress\/wp-content\/uploads\/2021\/01\/IMG_20210121_100501-300x225.jpg 300w, https:\/\/dzunglica.com\/wordpress\/wp-content\/uploads\/2021\/01\/IMG_20210121_100501-1024x768.jpg 1024w, https:\/\/dzunglica.com\/wordpress\/wp-content\/uploads\/2021\/01\/IMG_20210121_100501-768x576.jpg 768w, https:\/\/dzunglica.com\/wordpress\/wp-content\/uploads\/2021\/01\/IMG_20210121_100501-1536x1152.jpg 1536w, https:\/\/dzunglica.com\/wordpress\/wp-content\/uploads\/2021\/01\/IMG_20210121_100501-2048x1536.jpg 2048w\" sizes=\"auto, (max-width: 800px) 100vw, 800px\" \/><\/span><\/a><\/div>\n\t\n\t\t<\/div><\/div>\n\t\t<\/div>\n\n<h2><\/h2>\n<h2>Pripremili smo i nekoliko paketa za proslavu ro\u0111endana po najpovoljnijim cenama! Sve detalje vezano za pakete i cene pogledajte na strani CENE I TERMINI<\/h2>\n<ul>\n<li>Paket Dzunglica 1- zakup prostora od 2.5h + Neograni\u010deno pi\u0107e + profesionalna i originalna animacija + poklon\u010di\u0107 za slavljenika + facepaiting + lutkarska predstava = <strong>od 300 eur<\/strong><\/li>\n<li>Paket Dzunglica 2- zakup prostora od 2.5h + Neograni\u010deno pi\u0107e + pizza ili ro\u0161tilj + profesionalna i originalna animacija + poklon\u010di\u0107 za slavljenika + facepaiting + lutkarska predstava = <strong>od 360 eur<\/strong><\/li>\n<li>Paket Dzunglica 3- zakup prostora od 2.5h + Neograni\u010deno pi\u0107e + pizza + ro\u0161tilj + profesionalna i originalna animacija + pizze za decu + poklon\u010di\u0107 za slavljenika + facepaiting + lutkarska predstava = <strong>od 420 eur<\/strong><\/li>\n<li>Paket Dzunglica LUX- zakup prostora od 2.5h + Neograni\u010deno pi\u0107e + pizza + ro\u0161tilj + sezonska + ruska salata + peciva + profesionalna i originalna animacija + pizze za decu + poklon\u010di\u0107  za slavljenika + facepaiting + lutkarska predstava = <strong>od 470 eur<\/strong><\/li>\n<\/ul>\n<p>* Posle nezaboravnog provoda i neograni\u010denog osve\u017eenja u vidu pi\u0107a, mo\u017eemo samo da se opijemo dobrim raspolo\u017eenjem :-).<\/p>\n<p><em>Ako imate neke specijalne \u017eelje, potrudi\u0107emo se da Vam iza\u0111emo u susret &#8211; za sve informacije pozovite <\/em><strong><em>065 228 0724<\/em> <\/strong><\/p>\n<div class='dt-sc-hr '><\/div>\n<div  class='dt-sc-callout-box type5 ' ><div class=\"column dt-sc-four-fifth first\"><h4>De\u010dija igraonica<\/h4>\n<h5>Pro\u010ditajte vi\u0161e o de\u010dijoj igraonici D\u017eunglica<\/h5><\/div><div class=\"column dt-sc-one-fifth\"><a href='\/wordpress\/decija-igraonica-zemun\/' class='dt-sc-button medium' target='_blank'>Op\u0161irnije<\/a><\/div><\/div><\/div>\n<div  class='column dt-sc-one-third   ' ><h3>Pozovite nas<\/h3>\n<div class=\"dt-sc-appointment\"><p class=\"dt-sc-contact-info\"><i class='fa fa-phone'><\/i>Phone : <span>065 228 0724<\/span><\/p>\n<h3>Ili nam po\u0161aljite poruku<\/h3>\n<p class=\"dt-sc-contact-info\"><i class='fa fa-envelope-o'><\/i>Email : <a href='mailto:dzunglica.igraonica@gmail.com'>dzunglica.igraonica@gmail.com<\/a><\/p><\/div>\n<div class='dt-sc-hr-invisible  '><\/div><\/div>\n","protected":false},"excerpt":{"rendered":"","protected":false},"author":1,"featured_media":0,"parent":0,"menu_order":0,"comment_status":"closed","ping_status":"closed","template":"","meta":{"footnotes":""},"class_list":["post-62","page","type-page","status-publish","hentry"],"_links":{"self":[{"href":"https:\/\/dzunglica.com\/wordpress\/wp-json\/wp\/v2\/pages\/62","targetHints":{"allow":["GET"]}}],"collection":[{"href":"https:\/\/dzunglica.com\/wordpress\/wp-json\/wp\/v2\/pages"}],"about":[{"href":"https:\/\/dzunglica.com\/wordpress\/wp-json\/wp\/v2\/types\/page"}],"author":[{"embeddable":true,"href":"https:\/\/dzunglica.com\/wordpress\/wp-json\/wp\/v2\/users\/1"}],"replies":[{"embeddable":true,"href":"https:\/\/dzunglica.com\/wordpress\/wp-json\/wp\/v2\/comments?post=62"}],"version-history":[{"count":11,"href":"https:\/\/dzunglica.com\/wordpress\/wp-json\/wp\/v2\/pages\/62\/revisions"}],"predecessor-version":[{"id":2009,"href":"https:\/\/dzunglica.com\/wordpress\/wp-json\/wp\/v2\/pages\/62\/revisions\/2009"}],"wp:attachment":[{"href":"https:\/\/dzunglica.com\/wordpress\/wp-json\/wp\/v2\/media?parent=62"}],"curies":[{"name":"wp","href":"https:\/\/api.w.org\/{rel}","templated":true}]}}