{"id":712,"date":"2015-01-18T16:57:35","date_gmt":"2015-01-18T15:57:35","guid":{"rendered":"http:\/\/dzunglica.com\/wordpress\/?page_id=712"},"modified":"2025-08-12T23:32:13","modified_gmt":"2025-08-12T22:32:13","slug":"cenovnik","status":"publish","type":"page","link":"https:\/\/dzunglica.com\/wordpress\/cenovnik\/","title":{"rendered":"Cenovnik"},"content":{"rendered":"<h2><span data-mce-type=\"bookmark\" style=\"display: inline-block; width: 0px; overflow: hidden; line-height: 0;\" class=\"mce_SELRES_start\">\ufeff<\/span>Najpovoljnije cene organizacije ro\u0111endana i proslava!<\/h2>\n<p>Pored toga \u0161to nudimo redovne akcije i najpovoljnije cene za de\u010dije ro\u0111endane i proslave, potrudi\u0107emo se i da iza\u0111emo u susret svim Va\u0161im posebnim zahtevima &#8211;&nbsp; kontaktirajte nas i prona\u0107i\u0107emo odgovaraju\u0107e re\u0161enje! <strong>Sve cene koje su navedene u EUR se pla\u0107aju u dinarskoj protivvrednosti po prodajnom kursu poslovne banke na dan organizacije rodjendana. U svakoj varijanti ro\u0111endani su zatvorenog tipa da bi mogli da u\u017eivate u kompletnom prostoru samo sa va\u0161im gostima.<\/strong><\/p>\n<p>&nbsp;<\/p>\n<div  class='column dt-sc-one-half   first' ><div class='dt-sc-titled-box  green'><h6 class='dt-sc-titled-box-title' >  D\u017eunglica 1 <strong>- PAKET SA NEOGRANI\u010cENIM PI\u0106EM<\/h6><div class='dt-sc-titled-box-content'>Ovaj paket obuhvata najam igraonice u svrhu proslave i ro\u0111endana u periodu od 2.5h, tu spadaju<\/strong><\/p>\n<p><strong><\/strong><\/p>\n<p><strong><\/strong><\/p>\n<p><strong><\/strong><\/p>\n<p><strong><\/strong><\/p>\n<p><strong><\/strong><\/p>\n<p><strong><\/strong><\/p>\n<p><strong><\/strong><\/p>\n<p><strong><\/strong><\/p>\n<p><strong><\/strong><\/p>\n<p><strong><\/strong><\/p>\n<p><strong><\/strong><\/p>\n<p><strong><\/strong><\/p>\n<p><strong><\/strong><\/p>\n<p><strong><\/strong><\/p>\n<p><strong><\/strong><\/p>\n<p><strong><\/strong><\/p>\n<p><strong><\/strong><\/p>\n<p><strong><\/strong><\/p>\n<p><strong><\/strong><\/p>\n<p><strong><\/strong><\/p>\n<p><strong><\/p>\n<ul>\n<li>Prostor<\/li>\n<li>Profesionalna animacija<\/li>\n<li>Osoblje<\/li>\n<li>PI\u0106E U NEOGRANI\u010cENIM KOLI\u010cINAMA za decu i odrasle<\/li>\n<li>Poklon\u010di\u0107 za slavljenika<\/li>\n<li>Poklon\u010di\u0107i za pobednike takmi\u010darskih igara<\/li>\n<li>Pozivnice za ro\u0111endan<\/li>\n<li>Kompletan pribor za jelo &#8211; \u010da\u0161e, ka\u0161i\u010dice, vilju\u0161ke, tanjiri<\/li>\n<li>Face-paiting (crtanje po licu) &#8211; u dogovoru sa roditeljima i decom<\/li>\n<li>Lutkarsa predstava &#8211; u dogovoru sa roditeljima i decom<\/li>\n<li><strong>CENA PAKETA za 25-oro odraslih i 25-oro dece je 300 eur<\/strong><\/li>\n<li><strong>DOPLATA za neograni\u010deno pi\u0107e za ve\u0107i broj gostiju je 7 eur po odrasloj osobi<\/strong><\/li>\n<\/ul><\/div><\/div><\/div>\n<div  class='column dt-sc-one-half   ' ><div class='dt-sc-titled-box  green'><h6 class='dt-sc-titled-box-title' >  D\u017eunglica 2 <strong>- PAKET SA NEOGRANI\u010cENIM PI\u0106EM I PIZZAMA ILI RO\u0160TILJEM<\/h6><div class='dt-sc-titled-box-content'>Ovaj paket obuhvata najam igraonice u svrhu proslave i ro\u0111endana u periodu od 2.5h, tu spadaju<\/strong><\/p>\n<p><strong><\/strong><\/p>\n<p><strong><\/strong><\/p>\n<p><strong><\/strong><\/p>\n<p><strong><\/strong><\/p>\n<p><strong><\/strong><\/p>\n<p><strong><\/strong><\/p>\n<p><strong><\/strong><\/p>\n<p><strong><\/strong><\/p>\n<p><strong><\/strong><\/p>\n<p><strong><\/strong><\/p>\n<p><strong><\/strong><\/p>\n<p><strong><\/strong><\/p>\n<p><strong><\/strong><\/p>\n<p><strong><\/strong><\/p>\n<p><strong><\/strong><\/p>\n<p><strong><\/strong><\/p>\n<p><strong><\/strong><\/p>\n<p><strong><\/strong><\/p>\n<p><strong><\/strong><\/p>\n<p><strong><\/strong><\/p>\n<p><strong><\/p>\n<ul>\n<li>Prostor<\/li>\n<li>Profesionalna animacija<\/li>\n<li>Osoblje<\/li>\n<li>PIZZE ILI RO\u0160TILJ I PI\u0106E U NEOGRANI\u010cENIM KOLI\u010cINAMA za decu i odrasle<\/li>\n<li>Poklon\u010di\u0107 za slavljenika<\/li>\n<li>Poklon\u010di\u0107i za pobednike takmi\u010darskih igara<\/li>\n<li>Pozivnice za ro\u0111endan<\/li>\n<li>Kompletan pribor za jelo &#8211; \u010da\u0161e, ka\u0161i\u010dice, vilju\u0161ke, tanjiri<\/li>\n<li>Face-paiting (crtanje po licu) &#8211; u dogovoru sa roditeljima i decom<\/li>\n<li>Lutkarsa predstava &#8211; u dogovoru sa roditeljima i decom<\/li>\n<li><strong>CENE PAKETA za 25-oro odraslih i 25-oro dece su: PAKET SA PIZZA-ma 360 eur, PAKET SA RO\u0160TILJEM 390 eur<\/strong><\/li>\n<li><strong>DOPLATE za ve\u0107i broj gostiju: sa pi\u0107em i hranom iz paketa 10 eur po odrasloj osobi; za neograni\u010deno pi\u0107e 7 eur po odrasloj osobi<\/strong><\/li>\n<\/ul><\/div><\/div><\/div>\n<div  class='column dt-sc-one-half   first' ><div class='dt-sc-titled-box  green'><h6 class='dt-sc-titled-box-title' >  D\u017eunglica 3 <strong>- PAKET SA NEOGRANI\u010cENIM PI\u0106EM, PIZZAMA I RO\u0160TILJEM<\/h6><div class='dt-sc-titled-box-content'>Ovaj paket obuhvata najam igraonice u svrhu proslave i ro\u0111endana u periodu od 2.5h, tu spadaju<\/strong><\/p>\n<p><strong><\/strong><\/p>\n<p><strong><\/strong><\/p>\n<p><strong><\/strong><\/p>\n<p><strong><\/strong><\/p>\n<p><strong><\/strong><\/p>\n<p><strong><\/strong><\/p>\n<p><strong><\/strong><\/p>\n<p><strong><\/strong><\/p>\n<p><strong><\/strong><\/p>\n<p><strong><\/strong><\/p>\n<p><strong><\/strong><\/p>\n<p><strong><\/strong><\/p>\n<p><strong><\/strong><\/p>\n<p><strong><\/strong><\/p>\n<p><strong><\/strong><\/p>\n<p><strong><\/strong><\/p>\n<p><strong><\/strong><\/p>\n<p><strong><\/strong><\/p>\n<p><strong><\/strong><\/p>\n<p><strong><\/strong><\/p>\n<p><strong><\/p>\n<ul>\n<li>Prostor<\/li>\n<li>Profesionalna animacija<\/li>\n<li>Osoblje<\/li>\n<li>PIZZA, RO\u0160TILJ I PI\u0106E U NEOGRANI\u010cENIM KOLI\u010cINAMA za decu i odrasle<\/li>\n<li>Poklon\u010di\u0107 za slavljenika<\/li>\n<li>Poklon\u010di\u0107i za pobednike takmi\u010darskih igara<\/li>\n<li>Pozivnice za ro\u0111endan<\/li>\n<li>Kompletan pribor za jelo &#8211; \u010da\u0161e, ka\u0161i\u010dice, vilju\u0161ke, tanjiri<\/li>\n<li>Face-paiting (crtanje po licu) &#8211; u dogovoru sa roditeljima i decom<\/li>\n<li>Lutkarsa predstava &#8211; u dogovoru sa roditeljima i decom<\/li>\n<li><strong>CENA PAKETA za 25-oro odraslih i 25-oro dece je 420 eur<\/strong><\/li>\n<li><strong>DOPLATE za ve\u0107i broj gostiju: sa pi\u0107em i hranom iz paketa 12 eur po odrasloj osobi; za neograni\u010deno pi\u0107e 7 eur po odrasloj osobi<\/strong><\/li>\n<\/ul><\/div><\/div><\/div>\n<div  class='column dt-sc-one-half   ' ><div class='dt-sc-titled-box  green'><h6 class='dt-sc-titled-box-title' >  D\u017eunglica LUX <strong>- PAKET LUX SA NEOGRANI\u010cENIM PI\u0106EM, PIZZAMA, RO\u0160TILJEM, KOKTEL PECIVOM, SEZONSKOM I RUSKOM SALATOM<\/h6><div class='dt-sc-titled-box-content'>Ovaj paket obuhvata najam igraonice u svrhu proslave i ro\u0111endana u periodu od 2.5h, tu spadaju<\/strong><\/p>\n<p><strong><\/strong><\/p>\n<p><strong><\/strong><\/p>\n<p><strong><\/strong><\/p>\n<p><strong><\/strong><\/p>\n<p><strong><\/strong><\/p>\n<p><strong><\/strong><\/p>\n<p><strong><\/strong><\/p>\n<p><strong><\/strong><\/p>\n<p><strong><\/strong><\/p>\n<p><strong><\/strong><\/p>\n<p><strong><\/strong><\/p>\n<p><strong><\/strong><\/p>\n<p><strong><\/strong><\/p>\n<p><strong><\/strong><\/p>\n<p><strong><\/strong><\/p>\n<p><strong><\/strong><\/p>\n<p><strong><\/strong><\/p>\n<p><strong><\/strong><\/p>\n<p><strong><\/strong><\/p>\n<p><strong><\/strong><\/p>\n<p><strong><\/p>\n<ul>\n<li>Prostor<\/li>\n<li>Profesionalna animacija<\/li>\n<li>Osoblje<\/li>\n<li>HRANA (pizze, ro\u0161tilj, peciva, salate) I PI\u0106E U NEOGRANI\u010cENIM KOLI\u010cINAMA za decu i odrasle<\/li>\n<li>Poklon\u010di\u0107 za slavljenika<\/li>\n<li>Poklon\u010di\u0107i za pobednike takmi\u010darskih igara<\/li>\n<li>Pozivnice za ro\u0111endan<\/li>\n<li>Kompletan pribor za jelo &#8211; \u010da\u0161e, ka\u0161i\u010dice, vilju\u0161ke, tanjiri<\/li>\n<li>Face-paiting (crtanje po licu) &#8211; u dogovoru sa roditeljima i decom<\/li>\n<li>Lutkarsa predstava &#8211; u dogovoru sa roditeljima i decom<\/li>\n<li><strong>CENA PAKETA za 25-oro odraslih i 25-oro dece je 470 eur<\/strong><\/li>\n<li><strong>DOPLATE za ve\u0107i broj gostiju: sa pi\u0107em i hranom iz paketa 14 eur po odrasloj osobi; za neograni\u010deno pi\u0107e 7 eur po odrasloj osobi<\/strong><\/li>\n<\/ul><\/div><\/div><\/div>\n<div class='dt-sc-hr '><\/div>\n<div  class='dt-sc-callout-box type5 ' ><div class=\"column dt-sc-four-fifth first\"><h4>Imate dodatnih pitanja?<\/h4>\n<h5>Kontaktirajte nas i prona\u0107i\u0107emo najbolje re\u0161enje za Va\u0161e potrebe!<\/h5><\/div><div class=\"column dt-sc-one-fifth\"><a href='\/wordpress\/kontakt' class='dt-sc-button medium' target='_blank'>Kontakt<\/a><\/div><\/div>\n<p><\/strong><\/strong><strong><strong><\/strong><\/strong><strong><strong><\/strong><\/strong><strong><strong><\/strong><\/strong><strong><strong><\/strong><\/strong><strong><strong><\/strong><\/strong><strong><strong><\/strong><\/strong><strong><strong><\/strong><\/strong><strong><strong><\/strong><\/strong><strong><strong><\/strong><\/strong><strong><strong><\/strong><\/strong><strong><strong><\/strong><\/strong><strong><strong><\/strong><\/strong><strong><strong><\/strong><\/strong><strong><strong><\/strong><\/strong><strong><strong><\/strong><\/strong><strong><strong><\/strong><\/strong><strong><strong><\/strong><\/strong><strong><strong><\/strong><\/strong><strong><strong><\/strong><\/strong><strong><strong><\/strong><\/strong><\/p>\n<p><\/strong><\/strong><\/strong><\/strong><\/p>\n","protected":false},"excerpt":{"rendered":"<p>\ufeffNajpovoljnije cene organizacije ro\u0111endana i proslava! Pored toga \u0161to nudimo redovne akcije i najpovoljnije cene za de\u010dije ro\u0111endane i proslave, potrudi\u0107emo se i da iza\u0111emo u susret svim Va\u0161im posebnim zahtevima &#8211;&nbsp; kontaktirajte nas i prona\u0107i\u0107emo odgovaraju\u0107e re\u0161enje! Sve cene koje su navedene u EUR se pla\u0107aju u dinarskoj protivvrednosti po prodajnom kursu poslovne banke [&hellip;]<\/p>\n","protected":false},"author":1,"featured_media":812,"parent":0,"menu_order":0,"comment_status":"closed","ping_status":"closed","template":"","meta":{"footnotes":""},"class_list":["post-712","page","type-page","status-publish","has-post-thumbnail","hentry"],"_links":{"self":[{"href":"https:\/\/dzunglica.com\/wordpress\/wp-json\/wp\/v2\/pages\/712","targetHints":{"allow":["GET"]}}],"collection":[{"href":"https:\/\/dzunglica.com\/wordpress\/wp-json\/wp\/v2\/pages"}],"about":[{"href":"https:\/\/dzunglica.com\/wordpress\/wp-json\/wp\/v2\/types\/page"}],"author":[{"embeddable":true,"href":"https:\/\/dzunglica.com\/wordpress\/wp-json\/wp\/v2\/users\/1"}],"replies":[{"embeddable":true,"href":"https:\/\/dzunglica.com\/wordpress\/wp-json\/wp\/v2\/comments?post=712"}],"version-history":[{"count":10,"href":"https:\/\/dzunglica.com\/wordpress\/wp-json\/wp\/v2\/pages\/712\/revisions"}],"predecessor-version":[{"id":2008,"href":"https:\/\/dzunglica.com\/wordpress\/wp-json\/wp\/v2\/pages\/712\/revisions\/2008"}],"wp:featuredmedia":[{"embeddable":true,"href":"https:\/\/dzunglica.com\/wordpress\/wp-json\/wp\/v2\/media\/812"}],"wp:attachment":[{"href":"https:\/\/dzunglica.com\/wordpress\/wp-json\/wp\/v2\/media?parent=712"}],"curies":[{"name":"wp","href":"https:\/\/api.w.org\/{rel}","templated":true}]}}